**2 + 3*l + 1. Let h(x) = -x**2 - 2*x - 1. Let a(j) = -j**2 - 3*j - 2. Let k(y) = 2*a(y) - 3*h(y). Let s(o) = 3*k(o) - p(o). Give s(-3).
-4
Let c(y) be the second derivative of y**4/12 - y**3/2 - y. Let m be (-4)/(-42) + 206/42. What is c(m)?
10
Let s(g) = g**3 - 15*g**2 + 13*g + 16. Let h(x) = -x**2 + 5*x + 28. Let a be h(7). What is s(a)?
2
Let w = 49 - 12. Let l(j) = 8*j + 12*j + 12*j - w*j - 2 - j**2. Give l(-3).
4
Suppose 4*n - 4*w + 19 = 3, 0 = -4*w + 8. Let a(m) = m**2 + 4*m + 5. Calculate a(n).
1
Let v(c) = 5*c**2 + 14*c - 17. Let q(s) = -s**2 - 5*s + 6. Let g(h) = -17*q(h) - 6*v(h). Determine g(1).
-12
Let y(p) = p**3 + 17*p**2 - 37*p + 25. Let c be y(-19). Let n(v) = -v**3 + 5*v**2 + 4*v + 1. What is n(c)?
-11
Let y(i) = i**2 + 3*i + 6. Let q(t) = -2*t**2 - 4*t - 7. Let n(g) = -2*q(g) - 3*y(g). Let h = -76 + 73. Give n(h).
8
Let x(i) = -4 - i - 2 + 5 + 2*i. Let v be 4 - (-1 - -2) - (-2 + -1). What is x(v)?
5
Let w(u) = -2*u**2 - 2*u - 1. Let z be 1/(-2) - 247/(-26). Let l = z - 5. Suppose -l = 5*y + 1. Give w(y).
-1
Let w(c) = -c**3 - 5*c**2 - 4*c + 4. Suppose 0 = 4*d - 5*m - 25 - 48, 4*m + 8 = -d. Suppose -d*f = -9*f + 12. What is w(f)?
4
Let n = 60 + -56. Let l(u) be the first derivative of -u**4/4 + u**3 + 7*u**2/2 - 6*u - 3. Give l(n).
6
Let r(o) = -o**2 + 8*o + 13. Let d(j) = j**2 - 8*j - 14. Let k(h) = 5*d(h) + 6*r(h). Let m(w) = 10*w + 169. Let i be m(-16). Give k(i).
-1
Suppose 0 = s - 3*f - 11, 5*s - 22 = -0*s + 4*f. Let m be (-1)/s*(-1 + -1). Let t(d) = 2 - m - 2 - 5*d. Give t(-1).
4
Let u(h) = h**2 + h + 1. Let m(o) = 7*o**2 + 3*o. Let p(k) = m(k) - 6*u(k). Suppose -25 = 5*x + 5*s, -4*x = -x - 2*s + 10. Let q be (-15 + 5)*2/x. What is p(q)?
4
Let u = 14 - 10. Let t(l) = -11*l - 1. Suppose 0 = -5*v + 4*j - 37, 2*j = 3*v - 0*j + 23. Let b(y) = 5*y + 1. Let h(w) = v*b(w) - 4*t(w). What is h(u)?
-9
Let m(j) = 17 + 5*j**2 + 9*j - 3*j - 67*j - 9. Let y(s) = -s**2 + 12*s - 2. Let i(b) = -2*m(b) - 11*y(b). Calculate i(10).
6
Let a be (-6)/4*(-244)/183. Let x(z) = -3*z**3 + 2*z**2 - 2*z + 5. What is x(a)?
-15
Let y(m) = m**2 + m - 6. Let g(x) = x**2 + 5*x + 6. Let a be g(-3). Let f = 0 + a. Calculate y(f).
-6
Let h(b) = -b + 2. Let k(d) = 4*d**3 - d**2 - 4*d - 3. Let c be k(-1). Determine h(c).
6
Let z(b) = -95*b + 48*b + 46*b + 4. What is z(5)?
-1
Let h(g) be the first derivative of g**3/3 - 3*g**2/2 - 2*g - 1. Let w = 46 - 44. Let b be w/10 + (-3)/15 - -3. Calculate h(b).
-2
Suppose 57 + 38 = 19*n. Let m(x) = 16*x**2 - 4*x - 1. Let j(c) be the third derivative of -c**5/20 + c**4/24 + c**2. Let f(i) = -11*j(i) - 2*m(i). What is f(n)?
12
Let f(u) be the first derivative of -u**3 + u + 72. Determine f(-2).
-11
Let f(h) = 383*h + 10 + 380*h - 762*h. Give f(-9).
1
Let t(q) = -q**3 - 11*q**2 - 10*q + 4. Let x be t(-10). Let v be x - (-4)/6*-3. Let d(m) = -m**3 + 3*m**2 - m. Give d(v).
2
Let k(j) be the second derivative of j**4/12 - j**3 + j**2 + 2*j. Suppose -12 = -25*n + 21*n. What is k(n)?
-7
Suppose -4*f - 10 = -188*v + 190*v, -4*f = -5*v - 11. Let i(s) be the first derivative of -4*s - 5/2*s**2 + 3. Give i(v).
11
Let o(t) be the first derivative of t**2 + 0*t - t - 2*t**2 - 7 + 2*t**2. Let u be (1 - 3 - -3)*-2. Determine o(u).
-5
Let m(v) be the third derivative of v**5/60 + 3*v**4/8 - 13*v**3/6 - v**2. Let u = 13013 - 13023. Calculate m(u).
-3
Let p(w) = -2*w + 5. Suppose j = -4*o + 8, j + 2*o = -4*j + 4. Suppose 3*n - 2 - 15 = 2*r, -3*n + 5*r + 29 = 0. Let f be n + j - (-1 + 0). Give p(f).
-3
Let z(g) be the first derivative of -5*g**2 - 16*g + 623. Give z(-2).
4
Let p(s) be the first derivative of -s**3/3 + 3*s**2/2 - s + 127. Give p(6).
-19
Let u(i) be the second derivative of -i**8/6720 - i**7/504 + 7*i**4/12 - 4*i. Let b(c) be the third derivative of u(c). Let d be 1*1/(-1) + -3. Calculate b(d).
-16
Suppose 2*w - 18 = 3*t, 2*t = -5*w - 3*t - 5. Let a = -21 - -27. Suppose -w*n = -n + a. Let h(r) = r**2 + 2*r - 2. Calculate h(n).
1
Suppose -5*y + 3*y = 0. Suppose y*s + 4*s = 4. Let b(x) = -2 + 3*x - s + 2. Determine b(-2).
-7
Let q be 4/6 - (-20)/(-3). Let x(c) be the first derivative of c**4/4 + 7*c**3/3 + 3*c**2 - 6*c - 144. Give x(q).
-6
Let u(g) be the first derivative of g**4/4 - g**3 - g**2/2 - 121. Let r be ((-4)/(-6))/(2/9). Give u(r).
-3
Let i(l) = -3 - 3 - 163*l**2 - 3*l + 158*l**2 + 7. Determine i(2).
-25
Let q(f) = 7*f**3 - 3*f + 1. Let a(c) = -5*c**3 + c**2 + 4*c - 2. Let l(s) = 3*a(s) + 2*q(s). Determine l(4).
4
Let s = -1 - -2. Suppose 0 = 5*g + 5, y - g + s - 17 = 0. Suppose 2*w - 5*z + y = 0, -3*z + 8*z = -5*w - 20. Let o(q) = q**3 + 5*q**2 + q - 6. What is o(w)?
-11
Let j(x) = -5*x - 3. Let i(k) = 10*k + 6. Let t = 22 + -16. Let n(v) = t*i(v) + 11*j(v). What is n(-2)?
-7
Let l(q) = 3*q**2 + 24*q + 3. Let b(i) = 3*i**2 + 23*i + 3. Let f(k) = -4*b(k) + 3*l(k). Let s be f(-6). Let n(u) = -u**2 + 8*u + 5. Calculate n(s).
-4
Suppose 4*o - 8 = 4*i, -4*o - 10 = 5*i - 3*i. Let g(y) be the first derivative of -y**2/2 + y - 1. Determine g(i).
4
Let v(w) be the first derivative of -w**4/12 - w**3/6 - w**2/2 + 8*w - 2. Let l(n) be the first derivative of v(n). Let g = 13 - 14. Calculate l(g).
-1
Let k(c) = 7*c + 1. Let b(m) = -8*m - 1. Let w(j) = -5*b(j) - 4*k(j). What is w(2)?
25
Let z(d) = -11*d - 3. Let x = 46 - 42. Let y(m) = m - 1. Let u(t) = x*y(t) - z(t). Give u(-1).
-16
Let t(h) = h**2 - 6*h - 5. Let x(v) = -1967*v - 2*v**2 + 5 + 1974*v + v**2. Let n(q) = 3*t(q) + 2*x(q). Calculate n(5).
0
Let h(t) = -t**2 - 3*t - 3. Let i(f) = f. Suppose -16 = y + 4*p, 3*y - 2*p + 9 = 3. Let w(r) = y*i(r) - h(r). Determine w(0).
3
Let i(t) = -t**3 - 12*t**2 - 5*t + 7. Let o(b) = -2*b**3 - 25*b**2 - 11*b + 15. Let a(x) = -13*i(x) + 6*o(x). What is a(-6)?
5
Let a(s) = s**2 - 9. Let r(t) = 2*t. Let y(c) = a(c) + 3*r(c). Suppose 40 = u - 6*u. Let m be y(u). Let g(i) = -i**3 + 8*i**2 - 6*i - 6. Give g(m).
1
Let f(j) be the second derivative of 2*j**3/3 - 3*j**2/2 - 2*j + 85. Give f(-2).
-11
Let o be 45/4 - (-3)/4. Let t be -9 + o - 7/1. Let b(v) = -4*v + 3*v**2 + 1 + 11845*v**3 - v**2 - 11844*v**3. What is b(t)?
-15
Let w(t) = -5*t**2 + 2*t + 1. Let p = 40 + -32. Suppose 20 = -4*j + 4*n, -j + 3*n - p = -5*j. Determine w(j).
-6
Let s(b) = b + 2. Let c(u) = 3*u**2 - 39*u + 37. Let p be c(12). Calculate s(p).
3
Let r = -20 + 21. Let p(q) = 18*q - 36*q + 17*q + r. Determine p(-5).
6
Let k(j) = -7*j**3 - j. Let h(t) = -t + 6. Let n be h(5). Let w be (1/n)/((3 - 2)/1). What is k(w)?
-8
Let c(t) = t**2 - 11*t - 18. Let m(f) = f**2 - 12*f - 20. Let y(r) = -6*c(r) + 5*m(r). What is y(6)?
8
Let k(n) = -3*n + 13. Suppose 2*y + 14*y - 80 = 0. Calculate k(y).
-2
Let g(p) be the first derivative of -7*p**3/3 - 2*p**2 - 4*p + 86. Calculate g(-1).
-7
Let t(w) = -w - 1. Let r be t(-6). Suppose -r*q + 8 = -12. Suppose -3*d + q*k - 2 = 0, 0 = 3*d + 2*k - k + 7. Let j(o) = 5*o. Give j(d).
-10
Let a(k) = k**3 + 7*k**2 + 8*k + 8. Let h = 18 - 53. Let o = h - -29. What is a(o)?
-4
Let s(c) = -c**3 - c**2 + 6*c - 21. Let n(y) = y - 3. Let j(t) = -6*n(t) + s(t). What is j(3)?
-39
Let j(v) = v**3 + 9*v**2 - 12*v - 20. Let b be j(-10). Suppose b = s - 3*s - 4*a + 6, -2*s + 3*a - 29 = 0. Let y(n) = 3*n + 5. Give y(s).
-16
Let o = -49 - -55. Let k(s) = -s**3 - s**2 + s. Let m(g) = 5*g**3 + 3*g**2 - 2*g - 2. Let t(y) = o*k(y) + m(y). Give t(-4).
-2
Let x(g) = 2*g**3 - g**2 - g + 2. Suppose -4*s + 4*d + 36 = -112, -4*d + 156 = 4*s. Suppose -4*u - s = -23*u. What is x(u)?
12
Let r be 1/((-1 - 2)/3). Let y = r - -8. Suppose -3*n = -2*h + 18, -2*n - 5*h = -y - 0. Let a(x) = -x**2 - 5*x - 2. Determine a(n).
2
Suppose 2*p - 116 = -56*p. Let l(o) be the first derivative of 4 - 3*o - 5/2*o**p. What is l(-3)?
12
Let b(m) = -13*m**3 + 7*m**2 - 3*m. Let c(z) = 15*z**3 - 8*z**2 + 4*z. Let k(w) = -7*b(w) - 6*c(w). Determine k(3).
9
Let a(q) = -16*q + 20. Let w = -8 - -10. Let s(t) = 3*t - 4. Let l(c) = w*a(c) + 11*s(c). What is l(9)?
5
Let f(h) = h**3 + 4*h**2 - 2*h - 3. Suppose 0 = 3*z + 2038 - 2026. Determine f(z).
5
Let r(z) = -z**2 - 2. Suppose -7 - 2 = -3*n. Let t(l) = 1 - 4*l + n + 2*l + 3. Let k be t(5). Calculate r(k).
-11
Let f(i) = -3*i - i**2 - 5*i**2 + 5*i**2 + 2. Let r(o) = o**3 + 6*o**2 + 5*o. Let l be r(-6). Let z be 3*(-5)/(l/(-8)). What is f(z)?
-2
Let g